he greatest common divisor of 580 and 2099335.
5
Calculate the highest common factor of 299423812 and 228.
76
What is the greatest common factor of 259716 and 528?
12
Calculate the highest common factor of 9696 and 279366.
606
What is the highest common factor of 579 and 46808869?
193
Calculate the greatest common factor of 60016 and 256784.
176
What is the greatest common divisor of 29827073 and 2981?
271
What is the highest common factor of 1441521620 and 154?
154
What is the greatest common factor of 261 and 396369?
9
What is the greatest common factor of 2850 and 56346400?
950
Calculate the greatest common factor of 369194839 and 2327.
2327
What is the greatest common divisor of 29464995 and 1190?
595
Calculate the greatest common divisor of 137760 and 2730.
210
What is the greatest common factor of 145230464 and 14720?
2944
Calculate the greatest common divisor of 465 and 221880888.
93
What is the highest common divisor of 3341664 and 21894?
246
Calculate the highest common factor of 130 and 3130205.
65
What is the highest common divisor of 2 and 201750?
2
Calculate the highest common divisor of 3534 and 19375.
31
Calculate the greatest common divisor of 1077580 and 1547140.
6020
What is the greatest common factor of 3425143 and 68?
17
What is the highest common divisor of 346040 and 9225?
205
Calculate the highest common factor of 1067352 and 67392.
312
Calculate the highest common divisor of 7501473 and 414.
207
What is the greatest common divisor of 540998 and 57534?
446
What is the highest common divisor of 936664 and 2227642?
1226
What is the highest common divisor of 6207982 and 21076?
22
What is the greatest common divisor of 216360422 and 981?
109
What is the greatest common factor of 902070 and 84296?
514
What is the highest common divisor of 249510274 and 26?
26
What is the greatest common factor of 139535 and 102685?
55
Calculate the greatest common factor of 510328 and 3549.
91
What is the greatest common factor of 102 and 125070462?
102
Calculate the greatest common factor of 90 and 21517614.
18
Calculate the highest common factor of 1338 and 1219587.
669
Calculate the highest common divisor of 50 and 5374325.
25
Calculate the highest common factor of 8019528 and 389154.
4926
What is the highest common divisor of 14155196 and 77?
11
Calculate the greatest common factor of 943942 and 17000.
34
What is the greatest common divisor of 497 and 754089?
7
What is the highest common divisor of 52758977 and 30287?
977
Calculate the highest common factor of 3642408 and 72.
72
What is the highest common factor of 14586 and 239561322?
858
What is the greatest common factor of 459457 and 24539?
53
What is the highest common divisor of 1383712469 and 291?
97
What is the greatest common divisor of 147170 and 310?
10
What is the highest common divisor of 4405500 and 1758996?
3204
Calculate the highest common factor of 10411145 and 290.
145
What is the greatest common divisor of 120 and 10061530?
10
Calculate the highest common factor of 34794560 and 64665.
2395
Calculate the greatest common divisor of 150243 and 20351769.
2463
What is the greatest common factor of 39109494 and 20526?
1866
Calculate the greatest common factor of 7204570 and 7789260.
9910
What is the highest common factor of 120 and 10911040?
40
Calculate the greatest common factor of 65 and 1219828909.
13
What is the highest common divisor of 14083638 and 354?
6
What is the greatest common divisor of 162 and 72265176?
54
What is the greatest common factor of 6832656 and 2736?
144
What is the greatest common factor of 649161 and 4239?
27
What is the greatest common factor of 319064419 and 7093?
7093
What is the highest common divisor of 109246206 and 2148?
1074
What is the greatest common factor of 193474 and 180?
2
Calculate the highest common divisor of 39 and 36498956.
13
What is the highest common factor of 29213136 and 2106?
162
What is the highest common factor of 25956637 and 1547?
119
What is the highest common divisor of 733953 and 1144?
11
What is the highest common divisor of 960 and 90139520?
320
Calculate the greatest common divisor of 6512 and 3779772.
148
What is the highest common factor of 80370 and 180310?
190
Calculate the highest common factor of 79254 and 2854368.
306
Calculate the highest common factor of 21 and 1973839.
7
Calculate the highest common factor of 3854020 and 171217.
131
What is the greatest common factor of 458159 and 172549?
169
What is the highest common factor of 507571644 and 24?
12
What is the highest common divisor of 567 and 90247941?
63
What is the highest common divisor of 18320 and 6224?
16
What is the highest common factor of 444 and 837282?
6
Calculate the highest common factor of 70119 and 330372.
189
What is the greatest common divisor of 1870 and 151789?
11
Calculate the highest common factor of 992 and 114976.
32
Calculate the highest common factor of 770 and 16216270.
70
Calculate the greatest common factor of 6095 and 8783355.
115
Calculate the greatest common divisor of 12466 and 825934830.
12466
What is the greatest common divisor of 62134 and 649763?
661
What is the greatest common factor of 2033982 and 576?
18
What is the highest common factor of 131918 and 1775?
71
What is the highest common factor of 332052 and 156780?
804
What is the greatest common factor of 14496 and 579387?
453
What is the greatest common divisor of 106684 and 181864?
716
What is the highest common factor of 180 and 4901790?
30
What is the greatest common divisor of 1037 and 14118511?
61
Calculate the greatest common divisor of 349632 and 17728.
64
Calculate the greatest common divisor of 49691 and 22015.
629
Calculate the highest common divisor of 1196 and 557635.
299
Calculate the highest common factor of 28948799 and 44.
11
What is the greatest common divisor of 7963545 and 3480?
435
What is the highest common divisor of 21386 and 1735670?
74
Calculate the greatest common factor of 52045993 and 1054.
527
Calculate the highest common factor of 4414 and 94819341.
2207
Calculate the greatest common factor of 16340935 and 111215.
3835
What is the highest common factor of 263000 and 9000?
1000
Calculate the highest common divisor of 56910 and 2301061.
1897
What is the highest common factor of 77064501 and 1779?
1779
What is the greatest common factor of 370160 and 4660?
20
Calculate the greatest common divisor of 3312 and 785496.
552
What is the highest common factor of 6250429 and 1?
1
What is the greatest common divisor of 86430132 and 5371?
5371
What is the greatest common divisor of 260856 and 3632?
8
What is the greatest common divisor of 1310 and 192550?
10
What is the highest common factor of 286 and 3673982?
26
Calculate the greatest common divisor of 248 and 1724003.
31
Calculate the greatest common factor of 1331 and 17330357.
11
What is the greatest common divisor of 495 and 36015?
15
What is the highest common divisor of 140 and 13508390?
70
Calculate the highest common factor of 574780409 and 2653.
2653
What is the greatest common factor of 1641380 and 954148?
3068
Calculate the highest common divisor of 6 and 32975832.
6
What is the greatest common divisor of 163042541 and 688?
43
What is the highest common factor of 39349115 and 1690?
845
What is the greatest common divisor of 833160 and 344530?
1310
What is the greatest common divisor of 1295076 and 192?
12
Calculate the highest common factor of 3857 and 7602.
7
What is the greatest common divisor of 1234965 and 23547?
501
What is the highest common factor of 11307621 and 5239?
169
Calculate the highest common divisor of 1919 and 356429.
101
Calculate the highest common factor of 8043192 and 49680.
4968
What is the highest common divisor of 106546 and 858?
22
What is the greatest common factor of 1015761102 and 4122?
1374
Calculate the greatest common divisor of 18 and 1181333178.
18
Calculate the greatest common factor of 11091 and 512888507.
3697
Calculate the greatest common factor of 198130296 and 168.
168
Calculate the greatest common divisor of 75 and 198264105.
15
Calculate the greatest common divisor of 534595 and 146165.
155
What is the greatest common factor of 82465918 and 2914?
94
Calculate the highest common divisor of 14567660 and 20.
20
What is the greatest commo